te?
True
Suppose -l - 4*n + 1608 = 414, 0 = -2*n - 6. Suppose l = -2*y + 6*y + 2*k, -3*y + k + 917 = 0. Suppose -5*s + y = -x - 3909, -2*s + 4*x = -1696. Is s composite?
True
Let z be (-4 + (6 - 9))/1. Let m(k) = -12*k**3 - 8*k**2 + 3*k + 4. Is m(z) a composite number?
True
Suppose -4*k + 5*t + 18 = -5, 2*t = 5*k - 50. Suppose k*p - 6 + 6 = 0. Suppose -4*n + 3511 - 1055 = p. Is n prime?
False
Let r = -59983 - -160672. Is r composite?
True
Let j(a) = -13*a**3 - 3*a**2 - 7*a + 8. Suppose y + 2*h + 2 = 1, -2*y - 26 = -4*h. Is j(y) composite?
True
Let h be 22 - (1 + 0)*(8 + -8). Is (3 - -20)*h/(-12)*-6 a composite number?
True
Let k be (1 - -6) + -3 + -7 + 7. Suppose -2*v + 4*r + 1940 + 5062 = 0, k*v = -r + 14049. Is v a prime number?
True
Let y(u) = u**3 + 18*u**2 - 4*u + 49. Let k be y(-18). Let s = k - 116. Suppose 4*w + 3*v + 2*v = 3168, -s*w - 4*v = -3951. Is w a prime number?
True
Suppose -6*r = 6*r - 63204. Suppose 917 + r = 8*c. Suppose 44 = x - c. Is x composite?
True
Let d(k) = -38*k**3 + 4*k**2 - 11*k - 16. Suppose 14 = -2*l + 4*x, -3*l + l = 4*x + 54. Let s = l + 12. Is d(s) composite?
False
Let n = 18167 + -12498. Is n prime?
True
Let g = -53231 - -75060. Suppose -4124 + g = 5*w. Is w a prime number?
True
Let i be 66 - 1 - (-9)/15*-5. Let n be (-2 + 43)*1/1. Let g = i - n. Is g composite?
True
Suppose 0 = -65*d + 62*d + 15. Suppose d*c = 2*r + 7981, -6*r + 3198 = 2*c - 4*r. Is c prime?
True
Suppose g - 3*h + 3 = 0, 2*h + 3 = 2*g + 1. Suppose f = -g*f. Suppose 3*y - 285 = -f*y. Is y a prime number?
False
Let u = -182427 - -259480. Is u a prime number?
False
Is (-19 - (17 - 29)) + 79405*2 a composite number?
False
Suppose 3*n - 16 = -n. Suppose -5*g + 59517 = n*g. Suppose -3*u - g = -4*q, 2384 = 2*q + 3*u - 909. Is q a composite number?
True
Let g = -146 - -151. Suppose 0*k - 3*k = -4*p + 8692, g*p - 10865 = k. Is p a prime number?
False
Let g = 65 + -35. Let l = -23 + g. Let o(f) = 15*f + 22. Is o(l) prime?
True
Let z(f) = -2*f + 17. Let c be z(7). Suppose c*t + r = -2*r - 2760, 3*t + 2748 = 3*r. Is t/(-12) - (-4)/8 a prime number?
False
Let v = 80 + -75. Suppose 5 = v*n - 5. Is (457*1)/(n/6) a composite number?
True
Let b(r) = r**3 + 10*r**2 + 5*r - 4. Let x be b(-6). Let h = 85 - x. Is (50/h)/(249/251 - 1) a prime number?
True
Let o(m) = -3*m**3 - m**2 + 18*m + 5. Suppose u - 12*u - 88 = 0. Is o(u) a composite number?
True
Let m be 40/15 + -2 + (-47)/3. Let o = m + 17. Suppose 2*h - y - 2798 = 0, o*h + 4*y - 2798 = 2*y. Is h a prime number?
True
Let a be (-42)/30 + (-6)/(-15). Is (1243781/231)/(a/(-3)) a composite number?
True
Let g = 5977 - 5980. Suppose -30 = 3*u + 105. Is g*(-10)/u - (-25738)/6 composite?
False
Let o be -92*(-15)/(-70)*-588. Suppose 8*d - o - 4712 = 0. Is d prime?
False
Suppose 9920 = 11*c + 1406. Let j = c + -105. Is j a prime number?
False
Suppose -181326 = 23*s - 5402579. Is s prime?
True
Let v(x) = -5*x - 3. Let i be v(-1). Let j be i/6 - 20/(-3). Is (-2 - (-3509)/j) + (-4)/14 a composite number?
False
Let l = -457598 + 804925. Is l composite?
True
Let v be (0/9)/((-3)/3*3). Suppose v = -2*o - u + 2000, 0*o - 2*u - 4008 = -4*o. Suppose -z = -4*m - 5*z + 1340, -o = -3*m + z. Is m composite?
True
Suppose 359*u = -193*u + 92752008. Is u composite?
False
Suppose -3*f = -9*f + 24. Suppose 3*t - g = f*t - 4, 4*g = -3*t + 11. Suppose -t*o + 31 = 6, -5*j + 940 = o. Is j a prime number?
False
Suppose -5 = -2*n - 1. Suppose -4*v = -6*v + 1282. Is v - 4 - (n - 0) prime?
False
Let k = 241 + 22. Let v = k - -63. Let i = v + 113. Is i prime?
True
Suppose 47*t + 4*q = 45*t + 442350, 4*t - 2*q = 884620. Is t prime?
True
Let m be 40/(-400) + 122831/10. Suppose 2539 + m = 2*l. Is l composite?
False
Let g(t) = 4*t - 10*t + 12*t - 46*t**2 + 91 + 234*t**2. Is g(-6) prime?
True
Suppose 185*r - 187*r - 17701 + 77735 = 0. Is r composite?
True
Suppose -3*p - 2*p = -10. Suppose 0 = -s + 5*z + 116, 3*s - 134 = p*z + 214. Suppose 2645 = -s*r + 121*r. Is r a composite number?
True
Suppose 5*f = 145 - 40. Let t be (-48)/(-28) + 2*3/f. Is ((-3)/(6/(-1676)))/t prime?
True
Let d(n) = -n**2 - 6*n + 26. Let q be d(-9). Let k(a) = 21*a**2 + a + 1. Let o be k(q). Suppose o*g - 25*g = -1316. Is g prime?
False
Let n = 31653 - -9620. Is n prime?
False
Let y(k) = 200*k**2 - 25*k - 154. Is y(-15) composite?
True
Let k = 69256 + 120925. Is k prime?
True
Let k(m) = 17*m**2 + 13*m - 27. Let b(d) = -5*d**2 - d - 1. Let h be b(1). Let a(x) = -6*x**2 - 4*x + 9. Let l(y) = h*a(y) - 2*k(y). Is l(5) prime?
False
Let d(v) = v**3 + 30*v**2 + 30*v + 2. Let l be d(-26). Suppose -l = -2*w - 2*a - 0*a, -5*w + 4779 = -4*a. Is w a composite number?
True
Is 1*((-2322)/(-8) + 4/8)*4 prime?
True
Let j(a) = -564*a**3 - 3*a**2 + 25*a + 113. Is j(-4) prime?
True
Suppose -3*n - 12 = 0, 3*k - 148779 = 4*n + 117766. Is k a prime number?
True
Let u = -548 - -370. Let d = 8 + -31. Is d/6*u + (-24)/(-36) composite?
False
Suppose 3*l = 5*h - 0*l - 11, 0 = -2*l - 4. Let a be (h + -4)*(-215 - -2). Suppose 5*z - f = 784 + 8, 4*z - a = -f. Is z a composite number?
True
Suppose 0 = 4*z - 2*g - 55364, 1270*z - 4*g + 13841 = 1271*z. Is z prime?
True
Suppose 4*a - 2148 = 6*u - 10*u, 2150 = 4*u + 2*a. Suppose -2*h - 2*j + u = -3950, 4*j = -5*h + 11219. Is h composite?
False
Let r(h) = -2*h**2 + 22*h - 12. Let v be r(10). Let i(z) = -4*z - 5. Let l be i(-3). Suppose -97 = l*f - v*f. Is f prime?
True
Let j(s) = s**2 - 6*s. Let h be j(7). Let n(c) = 5 - 9*c + 37*c + 13*c - 2*c. Is n(h) a composite number?
True
Suppose 46695 = 49*m - 737. Suppose -3*o - 309 + 12 = 0. Let i = m - o. Is i prime?
False
Suppose 4*r - 87 + 23 = 0. Let y be (r/10)/((-1)/5). Is (-7)/28 + (-2010)/y a composite number?
False
Let g be ((-2)/6 - -3) + (-3)/(-9). Suppose c - n - 591 = 0, -399 - 787 = -2*c + g*n. Is c a prime number?
True
Let w(f) = 5*f - 7. Let l be w(2). Suppose -x = l*i + 2*x + 699, -2*i - 457 = 5*x. Let o = i + 877. Is o a prime number?
True
Suppose 3*p = -2*z + 273579, 3*z = 3*p - 172894 - 100685. Is p prime?
True
Let w(j) = -j**3 - 4*j**2 + 5*j + 3. Let n be w(-5). Suppose n*b = -5*u + b + 6694, -4*u = -2*b - 5366. Suppose -u = -k - 9*k. Is k composite?
True
Let x be (-100 - -5)*(1 + -2). Suppose -7*z = -x + 11. Suppose z*a - 1206 = 3*a. Is a a prime number?
False
Suppose -209*d + 718431 = -188*d. Is d a composite number?
False
Is -2 - -6 - ((11 - 56/8) + -181549) prime?
True
Suppose -30*w = -33*w + 24273. Let d = 21842 - w. Is d a prime number?
True
Let a = 540 - 830. Let l = a - -645. Is l prime?
False
Let f(s) = 44*s**3 - 106*s**2 - 8*s + 9. Is f(5) prime?
True
Let k be ((-6)/(-21))/((-9)/(-189)). Let u be ((-2)/4)/(3/(-72)). Suppose u*f - 2814 = k*f. Is f a prime number?
False
Is (-19)/((-152)/649568) + -14 a prime number?
False
Let n(y) = -3*y**3 - 35*y**2 - 12*y - 27. Is n(-22) composite?
False
Let h = 4755750 + -3342433. Is h a prime number?
False
Let o = 12 + -11. Let m be (0/o)/((-2)/2). Suppose 0 = -c + 3, s + 5*c - c - 757 = m. Is s a composite number?
True
Let z be ((-20889)/(-66))/(6/44). Suppose -5*v + z + 69564 = 0. Is v a composite number?
True
Suppose 141 = -5*o + 36. Is (-14)/o + (-10528)/(-12) + -1 prime?
True
Let v(y) be the first derivative of 37*y + 1/3*y**3 + 17 - 2*y**2. Is v(10) prime?
True
Let h(k) = -k**2 - 2*k + 10. Let x = 52 + -58. Let w be h(x). Is 2/(-7) - (-2 - (-13850)/w) composite?
False
Let s = 36 - 32. Suppose -4*r = -5*h + 48, 0 = -r + s*h - 3*h - 12. Is r/(-6)*331/2 prime?
True
Is 134769680/320 - (-72)/(-32) a composite number?
True
Let k(v) = -99*v + 55. Suppose 69 = -4*p - p - 3*q, 5*p = -4*q - 72. Is k(p) a prime number?
False
Is 54920 + (1 - 0)/((-32)/96) composite?
False
Let g = -60 - -225. Let f = 247 + -247. Suppose -d + 47 = d - 3*j, -5*d - 2*j + g = f. Is d a prime number?
True
Let y be 3812/(-20)*-17*-5. Let d = y + 45814. Is d a composite number?
True
Suppose 0 = -z + 5*q + 412437, 26*z - 31*z = 4*q - 2062301. Is z prime?
True
Suppose -4*j + 976 = -1448. Is (3 + j)*(-2)/(-6) prime?
False
Let o be (-10)/(3 - 55/10). Suppose -2*u = -o*y - 1350, -2*u + 2004 = u + y. Is u a prime number?
False
Let k(g) = g**3 - 24*g**2 - 31*g + 84. Let w be k(25). Suppose 30 - 290 = -5*x. Let l = x - w. Is l composite?
True
Let h = -112 + 114. Suppose -3*b = h*o - 40